he tens digit of 469561?
6
What is the millions digit of 11074779?
1
What is the millions digit of 6111685?
6
What is the ten thousands digit of 42737216?
3
What is the millions digit of 2351949?
2
What is the hundreds digit of 832261?
2
What is the hundreds digit of 2962576?
5
What is the units digit of 1635167?
7
What is the units digit of 248740?
0
What is the tens digit of 410131?
3
What is the tens digit of 2497089?
8
What is the ten thousands digit of 1100551?
0
What is the ten millions digit of 31217411?
3
What is the millions digit of 21306519?
1
What is the hundred thousands digit of 267763?
2
What is the ten thousands digit of 12692686?
9
What is the millions digit of 1743880?
1
What is the units digit of 38303?
3
What is the tens digit of 16776006?
0
What is the millions digit of 13640040?
3
What is the units digit of 3273814?
4
What is the ten thousands digit of 141954?
4
What is the ten thousands digit of 6553881?
5
What is the thousands digit of 1353777?
3
What is the ten thousands digit of 13373?
1
What is the hundreds digit of 11362?
3
What is the thousands digit of 11318895?
8
What is the hundred thousands digit of 1724156?
7
What is the tens digit of 418547?
4
What is the thousands digit of 1773479?
3
What is the hundred thousands digit of 222895?
2
What is the hundred thousands digit of 394235?
3
What is the hundred thousands digit of 1351646?
3
What is the hundred thousands digit of 1714617?
7
What is the millions digit of 20203339?
0
What is the thousands digit of 449783?
9
What is the tens digit of 1001477?
7
What is the hundreds digit of 6106896?
8
What is the tens digit of 278493?
9
What is the hundreds digit of 12634?
6
What is the tens digit of 353284?
8
What is the units digit of 223941?
1
What is the hundred thousands digit of 14733786?
7
What is the tens digit of 18581953?
5
What is the units digit of 186126?
6
What is the thousands digit of 1618257?
8
What is the thousands digit of 404267?
4
What is the units digit of 23944765?
5
What is the millions digit of 1289576?
1
What is the hundred thousands digit of 1942614?
9
What is the millions digit of 6742569?
6
What is the tens digit of 425312?
1
What is the hundreds digit of 209187?
1
What is the hundred thousands digit of 181107?
1
What is the hundreds digit of 938947?
9
What is the millions digit of 1152130?
1
What is the tens digit of 7911521?
2
What is the tens digit of 30763635?
3
What is the millions digit of 3532107?
3
What is the thousands digit of 1063294?
3
What is the tens digit of 438926?
2
What is the thousands digit of 165013?
5
What is the hundred thousands digit of 1340119?
3
What is the tens digit of 69430?
3
What is the units digit of 1519842?
2
What is the units digit of 1953926?
6
What is the ten thousands digit of 12828328?
2
What is the ten thousands digit of 28825146?
2
What is the tens digit of 419818?
1
What is the tens digit of 76907?
0
What is the ten thousands digit of 24441637?
4
What is the tens digit of 11940085?
8
What is the hundred thousands digit of 125558?
1
What is the millions digit of 16619459?
6
What is the hundred thousands digit of 2982751?
9
What is the hundreds digit of 3691050?
0
What is the units digit of 76307?
7
What is the hundreds digit of 115762?
7
What is the hundred thousands digit of 6062591?
0
What is the hundreds digit of 2220328?
3
What is the thousands digit of 171521?
1
What is the thousands digit of 7547103?
7
What is the units digit of 176257?
7
What is the hundred thousands digit of 2004225?
0
What is the thousands digit of 471305?
1
What is the hundreds digit of 158540?
5
What is the millions digit of 23451088?
3
What is the ten thousands digit of 844247?
4
What is the hundred thousands digit of 253012?
2
What is the hundred thousands digit of 881666?
8
What is the ten thousands digit of 34612468?
1
What is the hundreds digit of 587927?
9
What is the tens digit of 165847?
4
What is the units digit of 3375268?
8
What is the tens digit of 4290?
9
What is the hundred thousands digit of 3012353?
0
What is the millions digit of 1437215?
1
What is the tens digit of 4351232?
3
What is the millions digit of 1109328?
1
What is the tens digit of 22055307?
0
What is the thousands digit of 1697825?
7
What is the thousands digit of 982167?
2
What is the ten thousands digit of 134837?
3
What is the ten thousands digit of 381044?
8
What is the hundreds digit of 128351?
3
What is the hundred thousands digit of 1064183?
0
What is the thousands digit of 4965834?
5
What is the hundreds digit of 937029?
0
What is the ten thousands digit of 70892?
7
What is the units digit of 20524121?
1
What is the tens digit of 2284732?
3
What is the thousands digit of 1227344?
7
What is the tens digit of 29673710?
1
What is the hundred thousands digit of 188949?
1
What is the hundred thousands digit of 285262?
2
What is the thousands digit of 3045676?
5
What is the units digit of 103822?
2
What is the hundreds digit of 1974899?
8
What is the millions digit of 5965178?
5
What is the thousands digit of 925004?
5
What is the tens digit of 1082139?
3
What is the millions digit of 2466647?
2
What is the units digit of 363213?
3
What is the ten thousands digit of 21550210?
5
What is the hundred thousands digit of 381532?
3
What is the tens digit of 481746?
4
What is the units digit of 82472?
2
What is the hundred thousands digit of 13399867?
3
What is the hundreds digit of 1532663?
6
What is the hundreds digit of 1093650?
6
What is the millions digit of 9100328?
9
What is the hundreds digit of 14554445?
4
What is the tens digit of 83138?
3
What is the thousands digit of 497056?
7
What is the thousands digit of 616584?
6
What is the ten thousands digit of 3290212?
9
What is the thousands digit of 22360?
2
What is the hundred thousands digit of 125435?
1
What is the tens digit of 37778?
7
What is the hundreds digit of 120617?
6
What is the thousands digit of 2697179?
7
What is the hundreds digit of 5118654?
6
What is the ten thousands digit of 450480?
5
What is the hundred thousands digit of 703803?
7
What is the hundreds digit of 522949?
9
What is the units digit of 89923?
3
What is the hundred thousands digit of 218475?
2
What is the millions digit of 1451946?
1
What is the ten thousands digit of 168550?
6
What is the thousands digit of 207533?
7
What is the ten thousands digit of 2239853?
3
What is the thousands digit of 7802504?
2
What is the tens digit of 1503720?
2
What is the hundreds digit of 258772?
7
What is the thousands digit of 216398?
6
What is the tens digit of 939693?
9
What is the units digit of 63275?
5
What is the tens digit of 8698310?
1
What is the millions digit of 1249707?
1
What is the thousands digit of 6410235?
0
What is the hundreds digit of 50534?
5
What is the hundred thousands digit of 357476?
3
What is the tens digit of 240758?
5
What is the tens digit of 87856?
5
What is the ten thousands digit of 404253?
0
What is the hundreds digit of 59687?
6
What is the thousands digit of 21503341?
3
What is the units digit of 306123?
3
What is the tens digit of 800895?
9
What is the units digit of 1113169?
9
What is the ten thousands digit of 739979?
3
What is the hundred thousands digit of 5264558?
2
What is the ten thousands digit of 73638?
7
What is the tens digit of 9999418?
1
What is the tens digit of 60096?
9
What is the ten thousands digit of 895865?
9
What is the units digit of 1703578?
8
What is the hundred thousands digit of 5936167?
9
What is the hundred thousands digit of 243903?
2
What is the tens digit of 409632?
3
What is the thousands digit of 168902?
8
What is the hundreds digit of 21641207?
2
What is the thousands digit of 74587?
4
What is the units digit of 8912186?
6
What is the ten thousands digit of 17720997?
2
What is the ten millions digit of 19881920?
1
What is the units digit of 536162?
2
What is the hundred thousands digit of 182822?
1
What is the units digit of 5097915?
5
What is the ten thousands digit of 3770149?
7
What is the thousands digit of 726387?
6
What is the units digit of 4468883?
3
What is the ten thousands digit of 1920304?
2
What is the hundreds digit of 10898480?
4
What is the units digit of 24922043?
3
What is the ten thousands digit of 5049231?
4
What is the tens digit of 787